ctors of 71.
71
List the prime factors of 1972.
2, 17, 29
What are the prime factors of 21328?
2, 31, 43
List the prime factors of 22301.
29, 769
What are the prime factors of 345?
3, 5, 23
What are the prime factors of 5622?
2, 3, 937
List the prime factors of 2878.
2, 1439
What are the prime factors of 12401?
12401
What are the prime factors of 92595?
3, 5, 6173
List the prime factors of 2262.
2, 3, 13, 29
List the prime factors of 27369.
3, 3041
List the prime factors of 3647.
7, 521
List the prime factors of 979.
11, 89
List the prime factors of 1487.
1487
What are the prime factors of 24634?
2, 109, 113
What are the prime factors of 401?
401
What are the prime factors of 50198?
2, 19, 1321
List the prime factors of 52241.
7, 17, 439
List the prime factors of 115483.
23, 5021
What are the prime factors of 815?
5, 163
What are the prime factors of 2942?
2, 1471
What are the prime factors of 15161?
15161
List the prime factors of 4204.
2, 1051
What are the prime factors of 34036?
2, 67, 127
List the prime factors of 257.
257
List the prime factors of 382.
2, 191
What are the prime factors of 1121?
19, 59
List the prime factors of 38068.
2, 31, 307
List the prime factors of 5853.
3, 1951
What are the prime factors of 2742?
2, 3, 457
What are the prime factors of 44259?
3, 14753
What are the prime factors of 1636?
2, 409
List the prime factors of 8822.
2, 11, 401
What are the prime factors of 25644?
2, 3, 2137
List the prime factors of 143908.
2, 35977
List the prime factors of 24398.
2, 11, 1109
What are the prime factors of 1276?
2, 11, 29
What are the prime factors of 1000?
2, 5
What are the prime factors of 2596?
2, 11, 59
List the prime factors of 2838.
2, 3, 11, 43
List the prime factors of 800.
2, 5
List the prime factors of 943.
23, 41
List the prime factors of 971.
971
What are the prime factors of 1232?
2, 7, 11
List the prime factors of 1096.
2, 137
List the prime factors of 4055.
5, 811
What are the prime factors of 12352?
2, 193
What are the prime factors of 221?
13, 17
What are the prime factors of 2607?
3, 11, 79
List the prime factors of 13690.
2, 5, 37
List the prime factors of 826.
2, 7, 59
List the prime factors of 58576.
2, 7, 523
List the prime factors of 1978.
2, 23, 43
What are the prime factors of 6329?
6329
What are the prime factors of 4043?
13, 311
What are the prime factors of 737?
11, 67
What are the prime factors of 13832?
2, 7, 13, 19
List the prime factors of 110188.
2, 13, 163
What are the prime factors of 218?
2, 109
What are the prime factors of 870?
2, 3, 5, 29
List the prime factors of 1635.
3, 5, 109
List the prime factors of 12028.
2, 31, 97
What are the prime factors of 7366?
2, 29, 127
What are the prime factors of 3?
3
What are the prime factors of 243?
3
List the prime factors of 70033.
59, 1187
What are the prime factors of 1877?
1877
List the prime factors of 12141.
3, 19, 71
List the prime factors of 26511.
3, 8837
List the prime factors of 7.
7
What are the prime factors of 25758?
2, 3, 53
What are the prime factors of 3429?
3, 127
List the prime factors of 4544.
2, 71
List the prime factors of 708.
2, 3, 59
List the prime factors of 1034.
2, 11, 47
What are the prime factors of 3563?
7, 509
What are the prime factors of 11662?
2, 7, 17
What are the prime factors of 2628?
2, 3, 73
What are the prime factors of 39?
3, 13
List the prime factors of 922.
2, 461
What are the prime factors of 331?
331
List the prime factors of 1580.
2, 5, 79
List the prime factors of 1507.
11, 137
What are the prime factors of 25440?
2, 3, 5, 53
List the prime factors of 1069.
1069
List the prime factors of 58312.
2, 37, 197
List the prime factors of 2562.
2, 3, 7, 61
List the prime factors of 25919.
25919
List the prime factors of 152709.
3, 109, 467
What are the prime factors of 1978?
2, 23, 43
List the prime factors of 4625.
5, 37
List the prime factors of 478.
2, 239
What are the prime factors of 378?
2, 3, 7
List the prime factors of 9208.
2, 1151
What are the prime factors of 214?
2, 107
What are the prime factors of 4458?
2, 3, 743
What are the prime factors of 95?
5, 19
What are the prime factors of 1325?
5, 53
List the prime factors of 68721.
3, 22907
List the prime factors of 14667.
3, 4889
List the prime factors of 7960.
2, 5, 199
List the prime factors of 164.
2, 41
List the prime factors of 413.
7, 59
What are the prime factors of 1082?
2, 541
List the prime factors of 168.
2, 3, 7
List the prime factors of 18662.
2, 7, 31, 43
What are the prime factors of 6409?
13, 17, 29
What are the prime factors of 188950?
2, 5, 3779
What are the prime factors of 1843?
19, 97
What are the prime factors of 71145?
3, 5, 17, 31
List the prime factors of 421.
421
What are the prime factors of 1066?
2, 13, 41
What are the prime factors of 820?
2, 5, 41
What are the prime factors of 26791?
73, 367
What are the prime factors of 7032?
2, 3, 293
List the prime factors of 92191.
11, 17, 29
List the prime factors of 2486.
2, 11, 113
List the prime factors of 17063.
113, 151
What are the prime factors of 37586?
2, 18793
List the prime factors of 779.
19, 41
What are the prime factors of 50705?
5, 10141
List the prime factors of 9996.
2, 3, 7, 17
List the prime factors of 29366.
2, 14683
List the prime factors of 38125.
5, 61
List the prime factors of 3844.
2, 31
What are the prime factors of 35267?
35267
List the prime factors of 1460.
2, 5, 73
List the prime factors of 4716.
2, 3, 131
What are the prime factors of 844?
2, 211
What are the prime factors of 46600?
2, 5, 233
List the prime factors of 1669.
1669
What are the prime factors of 1721?
1721
What are the prime factors of 45801?
3, 7, 727
What are the prime factors of 17814?
2, 3, 2969
What are the prime factors of 34459?
17, 2027
What are the prime factors of 907?
907
What are the prime factors of 16209?
3, 1801
List the prime factors of 4636.
2, 19, 61
List the prime factors of 3934.
2, 7, 281
List the prime factors of 19920.
2, 3, 5, 83
What are the prime factors of 17129?
7, 2447
List the prime factors of 25762.
2, 11, 1171
What are the prime factors of 9051?
3, 7, 431
List the prime factors of 7481.
7481
List the prime factors of 775.
5, 31
List the prime factors of 134698.
2, 67349
List the prime factors of 42034.
2, 21017
List the prime factors of 5375.
5, 43
List the prime factors of 78967.
7, 29, 389
What are the prime factors of 1120?
2, 5, 7
What are the prime factors of 229?
229
What are the prime factors of 8890?
2, 5, 7, 127
List the prime factors of 23624.
2, 2953
What are the prime factors of 159?
3, 53
What are the prime factors of 21505?
5, 11, 17, 23
List the prime factors of 1584.
2, 3, 11
List the prime factors of 3432.
2, 3, 11, 13
What are the prime factors of 5884?
2, 1471
List the prime factors of 4543.
7, 11, 59
What are the prime factors of 8662?
2, 61, 71
What are the prime factors of 50446?
2, 11, 2293
What are the prime factors of 8780?
2, 5, 439
List the prime factors of 270.
2, 3, 5
What are the prime factors of 5176?
2, 647
List the prime factors of 150.
2, 3, 5
What are the prime factors of 14668?
2, 19, 193
What are the prime factors of 8359?
13, 643
What are the prime factors of 116652?
2, 3, 9721
List the prime factors of 19000.
2, 5, 19
List the prime factors of 710.
2, 5, 71
List the prime factors of 11536.
2, 7, 103
What are the prime factors of 3152?
2, 197
What are the prime factors of 49454?
2, 79, 313
What are the prime factors of 1588?
2, 397
What are the prime factors of 561?
3, 11, 17
What are the prime factors of 448?
2, 7
What are the prime factors of 2529?
3, 281
List the prime factors of 59273.
59273
List the prime factors of 19727.
19727
List the prime factors of 3237.
3, 13, 83
List the prime factors of 1470.
2, 3, 5, 7
What are the prime factors of 2162?
2, 23, 47
List the prime factors of 7465.
5, 1493
List the prime factors of 6540.
2, 3, 5, 109
What are the prime factors of 4938?
2, 3, 823
What are the prime factors of 316?
2, 79
What are the prime factors of 3581?
3581
What are the prime factors of 16120?
2, 5, 13, 31
What are the prime factors of 1636?
2, 409
What are the prime factors of 19926?
2, 3, 41
What are the prime factors of 11962?
2, 5981
List the prime factors of 27868.
2, 6967
List the prime factors 